991.
103
Calculate the greatest common factor of 30 and 320.
10
Calculate the highest common factor of 36 and 44.
4
What is the highest common factor of 189 and 1197?
63
Calculate the greatest common factor of 3234 and 66.
66
Calculate the highest common factor of 27 and 351.
27
Calculate the greatest common factor of 729 and 108.
27
What is the greatest common factor of 30 and 3192?
6
What is the highest common divisor of 10945 and 55?
55
Calculate the greatest common divisor of 55 and 26345.
55
Calculate the highest common factor of 15 and 15465.
15
What is the highest common factor of 16 and 36?
4
What is the greatest common divisor of 44 and 528?
44
What is the greatest common factor of 198 and 126?
18
Calculate the greatest common divisor of 218 and 1417.
109
Calculate the greatest common factor of 473 and 88.
11
Calculate the highest common divisor of 33 and 858.
33
What is the greatest common divisor of 4 and 888?
4
What is the highest common divisor of 662 and 2?
2
What is the highest common factor of 58374 and 564?
282
Calculate the greatest common divisor of 112 and 3024.
112
Calculate the greatest common factor of 156 and 390.
78
What is the greatest common divisor of 2338 and 1336?
334
Calculate the greatest common divisor of 943 and 184.
23
Calculate the highest common factor of 2945 and 620.
155
Calculate the greatest common factor of 5 and 2155.
5
What is the highest common factor of 66 and 418?
22
Calculate the highest common factor of 70 and 190.
10
What is the highest common factor of 138 and 161?
23
Calculate the highest common factor of 441 and 98.
49
Calculate the greatest common divisor of 3285 and 45.
45
What is the greatest common factor of 47770 and 68?
34
What is the greatest common divisor of 1610 and 28?
14
Calculate the greatest common factor of 135 and 195.
15
Calculate the highest common divisor of 3 and 7.
1
Calculate the greatest common divisor of 200 and 8360.
40
What is the greatest common factor of 2247 and 126?
21
Calculate the highest common factor of 19 and 19722.
19
Calculate the greatest common divisor of 125 and 100.
25
What is the highest common divisor of 32 and 3488?
32
Calculate the greatest common factor of 158 and 13746.
158
Calculate the highest common factor of 4236 and 24.
12
Calculate the greatest common factor of 49762 and 1074.
358
Calculate the greatest common divisor of 3 and 7899.
3
What is the greatest common divisor of 1020 and 544?
68
What is the highest common factor of 1311 and 114?
57
What is the highest common factor of 1495 and 3105?
115
What is the highest common factor of 726 and 3762?
66
Calculate the greatest common divisor of 88 and 1232.
88
Calculate the highest common divisor of 732 and 192.
12
What is the highest common factor of 1111 and 11?
11
Calculate the highest common factor of 162 and 594.
54
Calculate the greatest common factor of 697 and 374.
17
Calculate the highest common factor of 34722 and 216.
54
What is the greatest common divisor of 1917 and 243?
27
Calculate the highest common factor of 1452 and 44.
44
What is the highest common divisor of 32 and 336?
16
Calculate the greatest common factor of 15839 and 47.
47
Calculate the greatest common factor of 45 and 1.
1
What is the highest common factor of 1 and 44?
1
Calculate the highest common divisor of 22 and 2.
2
Calculate the highest common divisor of 2244 and 17.
17
Calculate the highest common divisor of 6989 and 241.
241
What is the greatest common divisor of 332 and 830?
166
Calculate the highest common factor of 315 and 1215.
45
Calculate the highest common divisor of 121434 and 74.
74
Calculate the greatest common divisor of 16 and 568.
8
Calculate the greatest common factor of 1211 and 7.
7
Calculate the highest common factor of 2485 and 70.
35
Calculate the greatest common divisor of 18 and 8316.
18
What is the greatest common divisor of 21 and 2667?
21
Calculate the highest common divisor of 28 and 322.
14
What is the greatest common divisor of 10 and 410?
10
What is the highest common factor of 744 and 24?
24
What is the greatest common factor of 24 and 512?
8
Calculate the greatest common divisor of 60 and 84.
12
What is the greatest common divisor of 6 and 726?
6
What is the greatest common factor of 23 and 529?
23
Calculate the highest common divisor of 290 and 5945.
145
Calculate the highest common divisor of 7 and 140.
7
What is the highest common divisor of 19 and 7429?
19
Calculate the highest common factor of 88 and 32.
8
What is the greatest common factor of 6 and 279?
3
What is the highest common divisor of 427 and 7?
7
What is the highest common factor of 133 and 11039?
133
Calculate the highest common factor of 132 and 16.
4
What is the highest common factor of 26 and 481?
13
What is the greatest common factor of 34 and 17?
17
What is the greatest common divisor of 1764 and 684?
36
Calculate the greatest common factor of 45 and 915.
15
What is the greatest common factor of 1924 and 117?
13
Calculate the highest common factor of 66 and 96.
6
Calculate the greatest common divisor of 332 and 415.
83
Calculate the greatest common divisor of 14416 and 85.
17
Calculate the greatest common factor of 816 and 51.
51
What is the highest common divisor of 64 and 752?
16
What is the highest common factor of 2816 and 484?
44
Calculate the highest common factor of 115 and 92.
23
Calculate the highest common divisor of 95 and 760.
95
What is the greatest common factor of 234 and 104?
26
What is the greatest common divisor of 132 and 3366?
66
What is the greatest common divisor of 18 and 144?
18
What is the greatest common factor of 30 and 30?
30
Calculate the highest common divisor of 114 and 30.
6
What is the highest common divisor of 72 and 180?
36
What is the greatest common factor of 312 and 884?
52
Calculate the highest common divisor of 45 and 10.
5
Calculate the highest common factor of 34346 and 26.
26
What is the greatest common divisor of 11 and 253?
11
Calculate the highest common divisor of 82 and 697.
41
Calculate the highest common divisor of 424 and 5194.
106
What is the greatest common divisor of 192 and 312?
24
Calculate the highest common divisor of 735 and 30.
15
What is the highest common factor of 969 and 5244?
57
Calculate the greatest common factor of 141 and 893.
47
What is the greatest common divisor of 72 and 1224?
72
Calculate the greatest common divisor of 20 and 620.
20
What is the highest common factor of 128 and 160?
32
What is the highest common divisor of 88 and 22?
22
What is the greatest common factor of 255 and 102?
51
What is the greatest common divisor of 20 and 1620?
20
What is the greatest common factor of 16432 and 16?
16
What is the highest common divisor of 243 and 162?
81
What is the highest common factor of 896 and 1876?
28
Calculate the highest common factor of 536 and 8.
8
Calculate the greatest common divisor of 4 and 10008.
4
What is the greatest common divisor of 350 and 275?
25
Calculate the greatest common divisor of 672 and 189.
21
Calculate the greatest common factor of 32 and 1248.
32
What is the highest common divisor of 23489 and 283?
283
Calculate the greatest common factor of 1342 and 88.
22
What is the greatest common divisor of 8325 and 675?
225
What is the greatest common factor of 6 and 34?
2
What is the greatest common factor of 9 and 4149?
9
Calculate the highest common factor of 35 and 28.
7
What is the greatest common factor of 1984 and 62?
62
What is the highest common factor of 1616 and 304?
16
What is the highest common divisor of 18 and 10?
2
What is the greatest common divisor of 504 and 21294?
126
What is the highest common divisor of 27 and 171?
9
What is the highest common divisor of 7 and 217?
7
Calculate the highest common factor of 52 and 403.
13
Calculate the greatest common divisor of 559 and 26.
13
What is the greatest common factor of 106 and 5194?
106
Calculate the greatest common divisor of 10 and 12.
2
Calculate the greatest common factor of 3681 and 45.
9
Calculate the greatest common factor of 17 and 2941.
17
What is the highest common factor of 3 and 12?
3
Calculate the highest common factor of 1829 and 31.
31
What is the greatest common factor of 7749 and 567?
189
What is the highest common factor of 7 and 8